15 + 18 = 0. Let f(d) = k - 8 - d + 6. What is the units digit of f(4)?
1
Let x = 155 + -235. What is the units digit of 114/5*x/(-12)?
2
What is the hundreds digit of (0 + -651)*24/(-36)?
4
Suppose -4*b = -4, 5*b - 7*b + 9247 = 5*q. What is the hundreds digit of q?
8
Let y(g) = -g**2 - g. Let m(d) = -5*d**2 - 8*d + 6. Let c(n) = m(n) - 4*y(n). Let i be c(-7). Let k = 46 + i. What is the units digit of k?
1
Let t = -1305 - -2245. What is the hundreds digit of t?
9
Let p(t) = -5*t + 1. Let j(f) = 15*f - 7. Let x(v) = -23*v + 10. Let a(b) = 7*j(b) + 5*x(b). Let g(m) = -4*a(m) + 7*p(m). What is the tens digit of g(5)?
2
Let k = 5051 - 3222. What is the thousands digit of k?
1
Let o = 2 + 1. Suppose -3*z + 6 = -5*q - 15, 0 = 4*q + o*z + 6. Let m = 8 - q. What is the units digit of m?
1
Suppose -i + 6*i = -4*u + 27, -u + 3*i - 6 = 0. Suppose 0 = 3*k - 3*f - 123, 0 = u*k - 8*k - 3*f + 173. What is the tens digit of k?
3
Suppose -36*v + 133 + 11 = 0. Suppose 0*g + 500 = 5*g. Suppose 10*n - g = -5*s + 5*n, v*s + 2*n = 84. What is the units digit of s?
2
Let b(c) be the first derivative of -c**4/4 - c**3/3 + 75*c - 19. What is the units digit of b(0)?
5
Let p(r) = -8*r + 20. Let o(s) = -7*s + 20. Let h(m) = 7*o(m) - 6*p(m). What is the units digit of h(5)?
5
Let i(c) = 229*c + 66. What is the tens digit of i(4)?
8
What is the units digit of 689*(0 - (-4)/(-4))*-1?
9
Let w = 11 + -6. Let a be (-4)/(-22) + ((-16820)/(-11))/5. Suppose -a = -d - w*d. What is the units digit of d?
1
Let h(c) = -c**3 + 2*c**2 + 5*c - 2. Let y be h(3). Suppose -y*v + 96 = -3*v. Suppose 3*g - v = -g. What is the units digit of g?
4
Let x(v) = -v**3 - 2*v**2 + 16*v + 3. Let h be 30/(-20) - (-33)/(-6). What is the hundreds digit of x(h)?
1
What is the hundreds digit of (-10)/(-150)*9995 + 2/(-6)?
6
Suppose 0 = -2*l + 4*l. Suppose -2*b - 2*n + 12 = l, 0*b + 3*n = 3*b. Suppose 5*a = -4*d + 5, -b*d + 30 = a - 8*d. What is the units digit of a?
5
Let l be (-45)/(-6) + 10/20. Let n(i) = 2*i**3 - 9*i**2 + 2*i - i**3 + 8 + 8*i. What is the tens digit of n(l)?
2
Let v(c) = -c**2 - 16*c + 12. Suppose -31 - 23 = 3*o - 4*i, -3*o - 5*i - 27 = 0. What is the units digit of v(o)?
0
Let n = -258 - -611. Suppose -n = -2*h + x, -x - 92 = 3*h - 629. What is the tens digit of h?
7
Let k be (-25)/(-7) + (-12)/(-28). What is the tens digit of (-3 - 19)*k/(-2)?
4
Let h = 595 - 133. Suppose -3*g - 3*c = -h, -4*g + 3*g - 5*c + 162 = 0. What is the hundreds digit of g?
1
Suppose l - 4 = 8. Suppose 23*d - 20*d = l. What is the units digit of d?
4
Let c be ((-24)/(-20))/((-2)/15*1). What is the tens digit of ((-111)/(-2))/(c/(-12))?
7
Suppose -4*x - 12 = -4*v, -2*v + 4*v - 6 = 0. Let q(n) = x*n**2 - 16 + n**2 + 12*n - n - 2*n. What is the units digit of q(-14)?
4
Let p be (-4)/(0 + (1 - 3)). Suppose 0 = -p*c - c + 3. What is the tens digit of c/(-4) + 574/56?
1
Let i = -16 + 19. Suppose i*q - 144 = -3*g, 8*g - 249 = 3*g - 2*q. Suppose -g - 19 = -5*a. What is the units digit of a?
4
Suppose 21 = j - 2*o, 4 + 1 = -o. Let w = 17 - j. Suppose -2*k = -w - 38. What is the tens digit of k?
2
Let p = -560 - -824. What is the units digit of p?
4
Let d(u) = u**2 - 11*u + 15. Let o be d(11). Suppose -4*x - 1 = o. Let h = x - -15. What is the tens digit of h?
1
Let r(j) = j**3 - j**2 - 3*j - 4. Let w be r(3). Suppose -2*k + 3 = -3. Suppose -s - 93 = -w*a, 4*a - k - 66 = -s. What is the tens digit of a?
1
Let w = 15 + -13. Suppose k - 4*r + 348 = -w*k, k + 121 = 3*r. Let a = k + 186. What is the tens digit of a?
7
Let d(a) = -36*a + 15. What is the tens digit of d(-3)?
2
Let w(k) = -7*k + 2 + 0*k**2 + 6 + 2*k**2. Suppose 2*q + 2*d - 6 = 8, -2*d + 4 = 0. What is the units digit of w(q)?
3
Suppose 0 = 3*o - 15, -3*u = u - 4*o + 36. What is the units digit of (-17990)/(-126) - u/18?
3
Let a(i) = 8*i**2 + 16*i + 33. What is the tens digit of a(-6)?
2
Suppose -4*c = -8*c. Suppose 3*s - 5*s + 894 = c. What is the units digit of s/21 - (-2)/(-7)?
1
Suppose 3*y - 6 = -y - l, -3*l = 6. Let s be (-2 - 8)*6/(-5). What is the units digit of (-9)/(y/(s/(-9)))?
6
What is the units digit of 0 - (1 - 2) - 1948/(-2)?
5
Suppose 2 = -0*m + m - o, 2*m = 3*o + 3. Let a = 6 - m. Suppose r = -5*h + a, -5*h - 7 = -r + 16. What is the tens digit of r?
1
Suppose -4*l - 4 = g + 1, -25 = -5*g + 5*l. Suppose 0 = -g*q - 0*q + 21. What is the tens digit of 119/(-34)*(-20)/q?
1
Let l be -1*4 - 45/(-9). What is the tens digit of (-12)/(-3) + 63 + l?
6
Let d be 0 - 5/((-30)/4)*3. Suppose -3*g - j - j + 130 = 0, 5*g - d*j - 206 = 0. What is the tens digit of g?
4
Suppose -40*f = -42889 + 13409. What is the units digit of f?
7
Let d(t) = -t**2 + 93*t + 59. Let g(u) = u**2 - 47*u - 30. Let l(a) = -3*d(a) - 5*g(a). What is the tens digit of l(-19)?
8
Suppose -2*n = 2*n + 8, -s + 82 = -5*n. Let a = s + -21. Suppose -4*t + 61 = -3*i - a, 0 = t + i - 35. What is the tens digit of t?
3
Suppose -3*h - 3*f = -2103, -h - 5*f = -f - 698. What is the units digit of h?
2
Suppose 3*p - 18 = -3*l, -3*l + p = 5*p - 21. Suppose f - l = -0, 0 = k + 2*f - 10. Suppose 17 = k*z + 5*y + 2, 2 = z + 3*y. What is the units digit of z?
5
Let c = -9 + 12. Suppose w + c = 10. What is the tens digit of (17/5)/(w/35)?
1
Suppose 0*l + 4 = -z + 3*l, -5*z + 18 = 4*l. Let y(d) = 1 + 14*d - 3*d - 5*d - d**z + 3. What is the tens digit of y(4)?
1
Let g = 412 + 42. What is the units digit of g?
4
Suppose -27*p = -8786 - 39220. What is the tens digit of p?
7
Let x be 22/143 - (-219)/13. Let k = x - 7. Suppose 50 = 6*z - k. What is the tens digit of z?
1
Suppose 930 = 3*f - i, f + 2*i - 310 = 5*i. What is the tens digit of f?
1
Let d be (-6)/(-4) + 25/10. Suppose -220 = -g - d*g. Suppose -g = -4*t + 2*t. What is the tens digit of t?
2
Let t be (-16)/(-8) - 3*(-2 + 1). Suppose -t*p + 1 = -n, 5*n + 2*p = 15 + 7. What is the units digit of n?
4
Suppose 16*k - 967 - 1881 = 0. Suppose 5*d + 4*y = k, -2*d - y + 104 = d. What is the units digit of d?
4
Let k(a) = -1991*a - 10. What is the hundreds digit of k(-1)?
9
Suppose g + 18*l - 13*l - 1095 = 0, 0 = -3*g + 3*l + 3195. What is the tens digit of g?
7
Suppose 0 = -182*g + 165*g + 24276. What is the hundreds digit of g?
4
Suppose 115*k + 2466 = 121*k. What is the hundreds digit of k?
4
Let y = -9 - -6. Let v be -4*y/24*2. Suppose -56 + v = -i. What is the units digit of i?
5
Suppose 0 = 4*f + 4*n - 28, 2*f - n = -6*n + 26. Suppose -5 = -u + f. What is the tens digit of 20/(2*2/u)?
4
Suppose -199*h + 6817 = 5*w - 195*h, 4*w + 2*h = 5456. What is the units digit of w?
5
Let v = 175 + 137. What is the hundreds digit of v?
3
Let i be 1/(10/7604) + 14/(-35). Suppose -6*w - i = -14*w. What is the tens digit of w?
9
Suppose o - 3*g - 2*g - 49 = 0, 5*g + 83 = 2*o. Let c = -12 + o. What is the units digit of 2/(70/c + -3)?
1
Let w = 25 - 25. Suppose -5*p + 2*p + 363 = w. What is the units digit of p?
1
Suppose 63 = 5*d + 2*x + 242, -5*d - 177 = x. Suppose 29 = -b + 19. Let k = b - d. What is the tens digit of k?
2
Let v = -5350 + 9630. What is the tens digit of v?
8
Suppose -59 = 2*i - 903. What is the hundreds digit of i?
4
Suppose 4*r - 3*r + 2 = 0. Let c be ((-18)/(-27))/(r/(-12)). Suppose c*k - 6 - 38 = 0. What is the tens digit of k?
1
Suppose j + 4*u + 9 = 31, -3*j - 4*u = -90. Suppose -5*h + 2*c - j = -3, 2*h = -3*c - 1. What is the units digit of 2/h - (-407)/55?
7
Suppose 0*g - 5*i + 2256 = 2*g, 2*i + 4 = 0. What is the thousands digit of g?
1
Let m = 99 - 66. Let z = m - -15. What is the units digit of z?
8
What is the thousands digit of ((-8)/(-4))/((-16)/(-19272))?
2
Suppose 4*p = -3*n - 18, -4*p = -5*p. Let j(g) = 14*g + 6. Let k be j(n). What is the tens digit of (k/(-15))/(1/5)?
2
Suppose 36*u - 77936 - 1120 = 0. What is the units digit of u?
6
Let u = 18 - 13. Suppose 2*i = 4*x - 10, u*x - 7 + 0 = -3*i. What is the tens digit of -8 - -41 - (-2)/i?
3
Let r = -2 - -8. Let d = 24 - r. Suppose h + d = 3*h. What is the units digit of h?
9
Let g(i) = 122*i + 850. What is the thousands digit of g(24)?
3
Let o(t) = -7*t - 2. Let i be o(-3). Let v = -16 + i. What is the tens digit of 11 - (v + -3 + 1)?
1
Suppose -9*j - 303 = -870. What is the tens digit of j?
6
Let b be 1 + 1 - 5/(-10)*2. Let f(d) = 20*d + 31. What is the units digit of f(b)?
